*c. Let a = c + -56. What are the prime factors of a?
2, 3, 5
Let v be 189/35 - (-4)/(-10). List the prime factors of (17/v)/((-10)/(-50)).
17
Let r(m) = 33*m + 17. What are the prime factors of r(4)?
149
Let p(g) = 12*g**2 - 15*g + 1. List the prime factors of p(-8).
7, 127
Suppose -3*l + 459 = -3*o, 209 = 2*l + o - 94. Let k = l - 86. List the prime factors of k.
2, 3, 11
Let r = 4 + 0. Suppose 0 = -w - 3, -4*h + r*w + 80 = 0. List the prime factors of h.
17
Suppose 0 = 6*p - 318 - 1068. What are the prime factors of p?
3, 7, 11
Let i = -51 - -54. Suppose r + 2*v - 46 = 0, i*r - 89 - 9 = 2*v. What are the prime factors of r?
2, 3
Let s be 38/(((-8)/2)/(-16)). Suppose -20 = 5*h, -2*h = -4*l + s + 196. List the prime factors of l.
5, 17
Let g(s) = -s**2 - 11*s + 7. Let o be g(-12). Let w be -5*o/((-100)/(-12)). Suppose -v - 19 = -4*v + 5*b, w*b + 5 = v. List the prime factors of v.
2
Let t = 1586 + -621. What are the prime factors of t?
5, 193
Suppose 102726 = 4*f + 22*f. List the prime factors of f.
3, 439
Let h be (-3 - 1)*4/(-8). List the prime factors of (-5 + 6)/(h/74).
37
Let f(r) be the first derivative of r**3/3 + 8*r**2 + 6*r - 1. Suppose 12*s + 16*s + 448 = 0. List the prime factors of f(s).
2, 3
Let b = -3636 - -5621. List the prime factors of b.
5, 397
Suppose -c + 93 = 5*j - 2*j, -5*j = c - 101. Suppose -5*v + 224 = 2*a, -4*a - 23 = -2*v + c. List the prime factors of v.
2, 23
Suppose -5*u + 2*f = -0*f - 4, -3*u - 6 = -4*f. Suppose 7 + 29 = u*c. Suppose -6 + c = n - o, n = -o + 2. What are the prime factors of n?
7
Suppose 0 = 7*u + 10*u - 646. What are the prime factors of u?
2, 19
Suppose 0 = -7*v + 1599 + 4561. What are the prime factors of v?
2, 5, 11
Let j = -38 + 31. Let v(t) = -4*t**2 - 15*t + 19. Let w(k) = -9*k**2 - 31*k + 38. Let n(y) = j*v(y) + 3*w(y). What are the prime factors of n(-17)?
2, 3, 11
Let p(a) = 280*a**2 + 3*a - 4. What are the prime factors of p(1)?
3, 31
Suppose 0*l - 55 = -2*l - 5*x, 0 = 5*l + x - 103. Suppose 6*q - l = q. List the prime factors of q/6*162/12.
3
Let z(h) = -h**3 - 4*h**2 - h + 4. Let y be z(-4). Let v(p) = -2*p - 14. Let t be v(y). Let b = 50 + t. What are the prime factors of b?
2, 5
Suppose 0 = -26*d + 16596 + 37978. What are the prime factors of d?
2099
Let o(u) = 3*u**2 + 21*u + 112. What are the prime factors of o(17)?
2, 167
Let d = -696 + 1341. What are the prime factors of d?
3, 5, 43
Let z(f) = -5*f - 38. Let x be z(-9). Suppose 4*u = 3*s - x*s + 672, 677 = 4*s + 3*u. What are the prime factors of s?
173
Let x(c) = -48*c - 9. Suppose 4*t + 0 = -8. List the prime factors of x(t).
3, 29
Let z(b) = -b**2 - 30*b - 9. List the prime factors of z(-28).
47
Let b(d) = 590*d**2 + 4*d. What are the prime factors of b(1)?
2, 3, 11
Suppose 38*c = 26386 - 4156. What are the prime factors of c?
3, 5, 13
Let s(a) = a - 1. Let b(k) = 6*k - 7. Let m(w) = -b(w) - 3*s(w). What are the prime factors of m(-8)?
2, 41
Let w = 7003 - 3244. What are the prime factors of w?
3, 7, 179
What are the prime factors of (-11)/((-1144)/16) + 35200/26?
2, 677
Suppose 0 = -39*n + 44*n - 1705. What are the prime factors of n?
11, 31
Let x(m) = 6*m**3 + 2*m - 1. Let v be x(1). Let q be 1 - v/((-21)/6). Let y(r) = 4*r + 4. What are the prime factors of y(q)?
2
Let j(f) = f**2 + 3*f - 10. List the prime factors of j(6).
2, 11
Let f(b) = -b + 6. Let p(i) = 2*i**3 - 2*i**2 - 3*i + 2. Let x be p(2). Let g(r) = r - 4. Let q be g(x). What are the prime factors of f(q)?
2, 3
Let k(y) = 22*y - 15. Let a be k(11). Suppose -5 = -x, -2*l - 3*x = -10 - a. Suppose -1 - l = -4*o. List the prime factors of o.
2, 7
Suppose k + 0 = 4*w + 2, -10 = -5*k - 3*w. List the prime factors of 572/k + 11 + -12.
3, 5, 19
Let x be (-18)/(-45) - 124/10. Let f be (4*-3)/(x/8). Suppose 5*i - 50 = -5*k, -3*k - 35 = -f*k - 2*i. List the prime factors of k.
5
Suppose 4*v - 94 = 3*x + 6*v, 20 = 5*v. List the prime factors of x*(-1)/2 - 1 - -3.
19
Let c(v) be the second derivative of -4/3*v**3 + 0 - 7/2*v**2 - 1/12*v**4 + 3*v. List the prime factors of c(-6).
5
Let c(s) = s**3 + 14*s**2 - s - 12. Let a be c(-14). Suppose -5*l = -z - 3*z - 10, -a*l + 7 = -z. List the prime factors of (2 + 3)*l/15.
2
Let l = 91 + -86. Suppose 2*c + 4*o = 102, -3*c + l*o + 40 = -146. List the prime factors of c.
3, 19
Let r(f) = -22*f + 564. What are the prime factors of r(22)?
2, 5
Suppose 15*q - 1761 - 444 = 0. Suppose 0*a - q = -3*a. List the prime factors of a.
7
Suppose 3*z - 26 = -17. What are the prime factors of ((-30)/5)/((-2)/z)?
3
Suppose 2*t + 3*d = 1345, -2*t - 309 = -5*d - 1646. List the prime factors of t.
11, 61
Suppose 0 = 186*m - 174*m - 12984. What are the prime factors of m?
2, 541
Let u(z) = -6*z + 7. Let j be u(-12). Let y = 102 + j. List the prime factors of y.
181
Let t = -34 + 50. What are the prime factors of t/6*(-156)/(-16)?
2, 13
Let z(d) = 2*d**3 - 5*d**2 + 6*d - 3. Let t be z(6). Suppose -5*q = -v - t, 43 = -3*q - v + 214. What are the prime factors of q?
3, 19
Let z(c) be the first derivative of c**3/3 + 13*c**2/2 - 3*c + 12. List the prime factors of z(-15).
3
Let r = -34 - -38. Suppose -3*z + 9 = -o, r*z - o + 4 = -5*o. List the prime factors of z.
2
Let w = 217 + 2249. What are the prime factors of w?
2, 3, 137
Suppose -3 = 5*c + 2. Let y(x) be the third derivative of 47*x**5/60 + x**4/24 + 2*x**2. What are the prime factors of y(c)?
2, 23
Let d(a) = 3*a**2 - 6*a + 18. List the prime factors of d(8).
2, 3
Let s be (2/(-2) + -4)*60/50. Let c(a) = -a**3 - 6*a**2 - 3*a + 11. List the prime factors of c(s).
29
Let s(v) = 12*v - 6. Let t = -16 - -26. Let y be s(t). Suppose -2*u + 39 = -5*l - 24, -4*u + y = 2*l. List the prime factors of u.
29
Let l(c) = -c + 6. Let b(i) = -i + 12. Let r(w) = -6*b(w) + 13*l(w). Let q(y) = -2*y**2 + 2*y + 1. Let n be q(2). What are the prime factors of r(n)?
3
Let t(o) = -345*o + 128. What are the prime factors of t(-8)?
2, 19
Suppose 13 = -3*g + c + 4*c, 0 = 4*g + 3*c - 31. Suppose -g*o = -2*a - 454, -6*a - 444 = -4*o - 2*a. Suppose -8*r + 180 = -o. List the prime factors of r.
37
Let t = 49 - 75. Let u = t + 35. What are the prime factors of u?
3
Let d = 833 + 328. What are the prime factors of d?
3, 43
List the prime factors of (-5)/(30/12) + 122.
2, 3, 5
Let a(n) = -n + 3*n - 8 + 0 - 3. Let l be a(8). List the prime factors of l + -1 + 1 + 2.
7
Let b(v) be the third derivative of -v**5/60 + 5*v**4/12 + 7*v**3/6 - 24*v**2. What are the prime factors of b(9)?
2
Suppose w + 4*i = -i + 83, -i + 427 = 4*w. What are the prime factors of (2/4)/(7/14) + w?
109
Suppose -4*v + 19072 = 3*i, -12710 = -2*i + 8*v - 6*v. List the prime factors of i.
2, 7, 227
Let y = -12 + -55. Let g = 44 - y. What are the prime factors of g?
3, 37
Let b(c) = c + 12. Let u be b(-10). Let p be 8 - 2*u/(-4). Suppose -4*j - p = -73. List the prime factors of j.
2
Let l(p) = 2*p + 12. Let i be l(-5). Suppose -2*v + 22 = -4*j, -5*v + v + i*j = -14. List the prime factors of -9 + 76 - (v + -1).
67
Let m(t) = 3*t**2 - 23*t - 6. Let x be m(8). Suppose -x*a = -2*d - 154, 0 = -a + d + 4*d + 69. What are the prime factors of a?
79
Let i(m) = m + 19. Let h be i(-17). Suppose -5*r - r = -42. Suppose -r*j + 120 = -h*j. What are the prime factors of j?
2, 3
What are the prime factors of 712/267*1/(2/519)?
2, 173
Suppose -6*z - 23 = -9*z - j, -5*j - 29 = -3*z. List the prime factors of z.
2
Let z = 0 + 0. Let d = 5 + -1. Suppose -2*m + d*b + 20 = 0, z = -3*m + b + 19 + 1. List the prime factors of m.
2, 3
What are the prime factors of (-890)/(-20)*-37*(1 - 3)?
37, 89
Suppose -9*t - 26*t = -42070. List the prime factors of t.
2, 601
Let s be 2 + 9/(-3) - (0 - -2). List the prime factors of ((-1)/3)/(s/216).
2, 3
Suppose 0 = -o + 31 - 0. Let x = 39 - o. What are the prime factors of x?
2
Let q(j) = j**3 + 6*j**2 - 7*j + 5. Let g be q(-7). Suppose 3*p - 8 = 4*o + 4, -g*o - 15 = 0. Suppose p*t + 183 = 3*t. What are the prime factors of t?
61
Suppose 0 = -2*a + 7*a - 45. Let l = 3 - a. What are the prime factors of (-172)/(-24) - (-1)/l?
7
What are the prime factors of (((-39330)/40)/(-19))/(1/4)?
3, 23
Let u(r) = 24*r**2 + 1. Suppose 9*t - 3 = 12*t. Let y be u(t). Suppose 3*w - 44 = y. List the prime factors of w.
23
Let n(t) = 5*t + 40. Let q be n(-7).